hat is the highest common divisor of 25 and f?
25
Suppose -4*o + 2*l = -1546, 5*l - 1179 = -5*o + 2*o. Suppose 3*j - 452 = o. Let w = 115 + -80. Calculate the greatest common divisor of j and w.
35
Suppose -2*k = -4*k + 68. Let l = 296 + -24. Calculate the greatest common divisor of k and l.
34
Let x be (0 - 1)*(29100/(-10) - 11). Calculate the greatest common divisor of x and 23.
23
Let n(c) = -32*c - 197. Let j be n(-7). Calculate the highest common factor of j and 261.
9
Let w be (3/(-9))/((-2)/18). Let x(d) = -4*d + d**3 - 5*d**2 + 6 - 3*d**3 + 3*d**w + 11*d**2. Let b be x(-5). Calculate the greatest common factor of 34 and b.
17
Suppose 32 = 5*j - 4*j. Let i(z) = -69*z - 3640. Let s be i(-56). Calculate the greatest common factor of j and s.
32
Suppose 203 = 5*c + 2*w + 56, 4*w = -16. Let s be (3 - (-42)/(-18)) + c/3. What is the greatest common divisor of 77 and s?
11
Let p(z) = 12*z + 238. Let r be p(0). Calculate the highest common factor of r and 34.
34
Suppose 436 + 284 = 4*c. Let v be (-3 + (1 - -1))*1. Let w(k) = -21*k**3 + k. Let m be w(v). Calculate the greatest common factor of m and c.
20
Suppose 15 = -5*x - 15. Let o be 12/(-8)*296/x. Suppose -4*r - 5*n + 109 = 0, 4*r = -0*n + 2*n + o. Calculate the greatest common divisor of r and 21.
21
Let g(h) = -74*h**3 - 6*h - 5. Let m be g(-1). What is the highest common factor of m and 100?
25
Let w = 605 - 565. Suppose 0 = -5*k + 4*k + 30. What is the highest common divisor of k and w?
10
Let w = 14 + 16. Suppose -128*p + 311*p - 500 = 158*p. What is the greatest common divisor of w and p?
10
Suppose -2*l + 2 = 5*s, -4*s = -5*l + 1 + 4. Suppose -2*p = -3*b + 66, 4*p + 87 + l = 4*b. What is the greatest common divisor of b and 2?
2
Let l = 148 - -62. Suppose -3*q + 8*q - l = 0. Let v be 4 + 3/((-67)/10 + (-196)/(-28)). What is the greatest common factor of v and q?
14
Suppose 8*d - 3*d - 3*k = 126, 4*d + 3*k = 90. Let w = -46 - -82. What is the highest common divisor of d and w?
12
Suppose 0 = -5*s + 18*w - 19*w + 9841, 2*s - 3934 = -w. What is the highest common factor of 11 and s?
11
Let o(g) = -g**3 - 2*g**2 - 6*g - 1. Let y be o(-4). Suppose h - 3 - 8 = 0. Calculate the highest common divisor of h and y.
11
Let k be 251 - ((-5 + 7)/2 - 0). What is the greatest common divisor of k and 10?
10
Suppose 2*r + 7*r + 36 = 0. Let h be (r/5)/(17/(-4165)). What is the greatest common divisor of h and 28?
28
Let f be (-4)/(-20) - (-117)/15. What is the greatest common factor of 36 and f?
4
Let k(o) = -32*o - 61. Let r be k(-8). Calculate the highest common divisor of 78 and r.
39
Let j = 125 - -99. Let s = j + -114. Let g = s + -61. What is the greatest common factor of 7 and g?
7
Let r be (-1)/1 + 2 + 1. Suppose -5*u = r*s - 37, -5*u + s = 6*s - 40. Suppose 0 = 3*v + v - 224. Calculate the greatest common factor of u and v.
7
Suppose y = 2*y - 2*l + 1, y = 3*l - 2. Suppose -o + 3 = y. Let t = 4 + 1. Calculate the highest common divisor of o and t.
1
Let y(z) = 125*z**3 + 2*z**2 - 5*z + 4. Let k be y(1). What is the greatest common factor of 70 and k?
14
Suppose -27*l + 32*l = 5*j - 25, -4*l = 5*j - 16. What is the highest common factor of 92 and j?
4
Let z = 27 + -17. Let o = 13 - z. Suppose -7 = h - 4*q, o = 7*h - 2*h - q. What is the greatest common divisor of 9 and h?
1
Suppose -2*j + 19 = -3*u, 4*u + 39 = -4*j + 127. Let k = 39 - j. Calculate the greatest common divisor of k and 2.
2
Let s = 526 - 517. Suppose 0*v = 3*v - 108. Calculate the highest common factor of v and s.
9
Suppose 6*o + 0 = 12. Calculate the highest common divisor of o and 16.
2
Let b = 10 + -48. Let n = b + 72. Let v = 72 + -21. Calculate the highest common factor of n and v.
17
Suppose 2*y - 6*y - 20 = 0. Let m(x) = 3*x**2 - 3 - 8*x - 4*x**2 - 2. Let t be m(y). What is the greatest common factor of 20 and t?
10
Let y(z) = z**2 + 14*z + 20. Let q be y(-13). Let f be (10/q)/(2 + 138/(-70)). What is the highest common factor of f and 10?
10
Suppose 241*f - 217*f = 105456. Calculate the greatest common divisor of 26 and f.
26
Let z = 1 + 8. Suppose 5*f + 2*u - 24 = 0, f = 3*u - 2*u + z. Let l be (3 + -4 - -10) + 39. What is the highest common divisor of l and f?
6
Let l(i) = -36*i**3 + 1 - 15*i**3 + 17*i**3 + i. Let q be l(-1). What is the greatest common divisor of 51 and q?
17
Suppose 23 = 5*w - 2. Suppose -q + w*y = -3*q + 8, -12 = 3*y. Suppose -5*a + c = -94 - 187, 2*a = 2*c + 114. What is the greatest common divisor of a and q?
14
Let a(i) = -21*i**2 - 2*i + 1. Let r be a(6). Let d be (-2)/(-4) - r/26. What is the highest common factor of 75 and d?
15
Let f(n) = -2*n**2 - 3*n - 5. Let d be f(-6). Let z = -31 - d. Let h be (-6 - -2 - -3)*-14. Calculate the highest common factor of z and h.
14
Suppose -5*f - 43 = 3*c - 238, 39 = f + 5*c. Calculate the highest common factor of f and 3471.
39
Suppose 0 = 4*m - 2*m + 174. Let o = -59 - m. What is the highest common factor of 112 and o?
28
Let g = 20 - -78. Let h(u) = u**2 - 18*u + 79. Let z be h(5). What is the greatest common factor of g and z?
14
Suppose 0 = -4*l - 8, -3*j - 2*l + 30 = 1. Let o = 1 + j. Calculate the highest common divisor of o and 24.
12
Let d be (5 - 166 - 1)/((-6)/8). Calculate the greatest common divisor of d and 27.
27
Suppose f + 2*f + 57 = 0. Let w(h) = h**2 - 2*h - 36. Let g be w(f). What is the greatest common factor of g and 33?
33
Let c = 828 - 52. Calculate the greatest common factor of 8 and c.
8
Let a(k) = 3*k**3 - 3*k**2 + k. Let o(b) = -3*b - 12. Let p be o(-6). Suppose l = -4 + p. Let c be a(l). What is the highest common factor of c and 14?
14
Let t(r) = -21*r + 165. Let f be t(6). Calculate the highest common divisor of f and 208.
13
Suppose -4*p - 3*n + 180 = -5, -2*p + 100 = 4*n. What is the greatest common factor of 286 and p?
22
Suppose 0 = -5*v - 4*h - 140, -46 = 2*v + h + 7. Let w = -21 - v. What is the highest common factor of 6 and w?
3
Let m(w) = w**2 + 6*w - 27. Let d be m(-15). Calculate the highest common factor of d and 156.
12
Suppose -23*m = 6*m - 290. Calculate the highest common factor of 130 and m.
10
Suppose -5*b = 4*s + 2 - 0, -1 = 4*b + 3*s. Let f(j) = 11*j**b + 7*j - 2 - 3*j + 0 - 3*j. Let l be f(-2). Calculate the highest common divisor of 8 and l.
8
Let n be 156/4*(-6)/(-18). Calculate the greatest common divisor of 325 and n.
13
Let v = 251 + -239. Calculate the greatest common divisor of v and 66.
6
Let s(h) = h**2 + 5*h - 4. Let j be s(7). Suppose 3*k = k + 16. Let x = k - -2. What is the highest common divisor of x and j?
10
Let h = -57 - -122. Let g be (-4)/(-26) - (-250)/h. Suppose t - y - 2 = 2, -20 = -5*t + 2*y. What is the greatest common divisor of g and t?
4
Let w(n) = -64*n**2 - n - 2. Let r be w(-1). Let i = r - -142. Let s = 5 - -2. Calculate the highest common divisor of i and s.
7
Let r be 159*5/15 + 1. Let l = r - 26. Calculate the highest common factor of l and 4.
4
Suppose -2*a + 5*n - 5 = 4*n, -3*n + 15 = 0. Suppose a*h - 180 = -5*h. Calculate the highest common divisor of 54 and h.
18
Suppose 0 = -n + 3*n. Suppose -k + 2 + 2 = n. Suppose -4*x + x + 2*b + 9 = 0, 0 = -5*x - k*b + 37. What is the greatest common divisor of x and 25?
5
Let v(c) = -c + 8. Let o be v(-10). Let p be 75/9 - 6/o. Calculate the greatest common divisor of p and 56.
8
Let f(y) = y**3 + 22*y**2 - 36*y - 13. Let a be f(-23). What is the highest common factor of 104 and a?
26
Suppose 2*k + 693 = 23*k. What is the greatest common divisor of k and 176?
11
Suppose 0 = 2*h - 5*h + 36. Let c = -28 + 107. Suppose -2*n + c = -41. Calculate the greatest common factor of n and h.
12
Let u be -7 + 10 - 3 - -1. Calculate the greatest common factor of 47 and u.
1
Let r(u) = -48*u - 21. Let g be r(-4). Calculate the highest common divisor of g and 19.
19
Let q be (0 + 1)/((-2)/(-60)). Let w = 86 + -198. Let m = -37 - w. Calculate the greatest common divisor of m and q.
15
Let t be (-42)/(-98) - ((-74)/7 + -1). What is the greatest common factor of t and 30?
6
Let f(h) = -h + 53. Let n be f(-77). Let g = -120 - -172. Calculate the greatest common factor of n and g.
26
Let t(l) = -l**3 + 12*l**2 + l + 54. Let v be t(12). Calculate the greatest common factor of 2706 and v.
66
Let p = 2297 + -2207. What is the greatest common divis